5, 3557
Let i(y) = 118*y + 298. What are the prime factors of i(40)?
2, 13, 193
Suppose -11*v - 44*v + 616876 = -3*v. List the prime factors of v.
11863
Suppose -8746 = -2*p - 3*z + 9538, 45737 = 5*p + 3*z. List the prime factors of p.
9151
Suppose 0 = 10*o + 28 - 28. Suppose -15*a - 3*b = -11*a - 8317, 2*a - 2*b - 4162 = o. List the prime factors of a.
2, 5, 13
Suppose 5*w - 21790 = 2*v + 64127, -2*v - 17193 = -w. What are the prime factors of w?
3, 23, 83
Let m(f) = 4*f - 19. Let u be m(4). Let l be (1 - u)/(22/3784). Suppose -i = 3*i - l. List the prime factors of i.
2, 43
Let u be 8/(11/(-6) - 2/(-1)). Let i = 41 - u. Let d = i - -101. What are the prime factors of d?
2, 47
Let d be (65/4)/((-2)/16*1). Let q = d + 378. Suppose 0*j + q = 5*j - 3*l, 2*j - 96 = 2*l. List the prime factors of j.
2, 13
Let s = 12325 + -2554. What are the prime factors of s?
3, 3257
Let l be 1 + (7 - 2*-170). Let v = 653 - l. List the prime factors of v.
5, 61
Suppose -25 = -5*l + 3*t, -3*l - 4*t + 5 = -2*l. Suppose -1329 = -3*b - l*k + 637, -5 = 5*k. List the prime factors of b.
3, 73
Suppose 5*n - m + 112241 = 0, 0 = 4*n - m + 48849 + 40943. What are the prime factors of (-10)/(-75) - n/45?
499
Suppose 0 = -5*p + 4*n + 59396, -20*p + 17*p + 35642 = 2*n. What are the prime factors of p?
2, 3, 5, 11
Let y = 375 + -366. List the prime factors of (-10934)/(-10) + y/15.
2, 547
Let n = -20 + 21. Let f be ((-28)/20 + n)*-10. Suppose 5*y - 7*y + f = 0. List the prime factors of y.
2
What are the prime factors of 47944 + (-3 - 2) + (-37)/((-333)/54)?
5, 43, 223
Let m(u) = -8 + 3 + u**2 - 4 + 18 + 15 - 11*u. Suppose -4*i + 2*c = -i - 38, -i + 9 = 3*c. What are the prime factors of m(i)?
2, 3
Let b = 79 + -77. Suppose b*m + 615 = 5*m. Let h = 370 - m. List the prime factors of h.
3, 5, 11
Let x(t) = -t**3 + 52*t**2 + 54*t - 47. Let y be x(53). Suppose y*k - 3073 = 929. List the prime factors of k.
23, 29
Let z = 166 - 166. Suppose 0 = 2*f + 5*i - 389, z = -5*f + 5*i + 821 + 204. What are the prime factors of f?
2, 101
Let p(i) = 26*i - 14*i - 2*i**3 - 18*i**2 + 9*i + 64. List the prime factors of p(-11).
317
Let m(v) be the first derivative of -v**4/4 + v**3 - v - 13. Let n be m(2). What are the prime factors of ((-1148)/(-21))/(2/n)?
2, 41
Let j = 17902 - 8802. What are the prime factors of j?
2, 5, 7, 13
Let i(x) = 3*x**3 - 5*x**2 - 17*x - 8. Let o be i(-5). Let a = o - -911. List the prime factors of a.
2, 61
Let k(u) = u**2 - 2*u + 6509. What are the prime factors of k(0)?
23, 283
Let s(k) = -2*k + 2. Let n be s(0). Let i be 49 + (n - 6 - 0). Let u = i - -49. What are the prime factors of u?
2, 47
Suppose 107624 + 16745 = 8*a - 85551. List the prime factors of a.
2, 5, 41
Let o(f) = 16*f**2 + 77*f + 25. Let m be o(-10). Let b = 126 + m. List the prime factors of b.
3, 109
Suppose -4 = -2*s, -7 = p - 5*s - 0*s. Suppose 2*i - 62 = -2*h, -p*i + h + 97 = 5*h. List the prime factors of i.
3
Let m(r) = -547*r + 44. Let z be m(-1). Let p = 67 + z. List the prime factors of p.
2, 7, 47
Let w = -3684 - -3669. Let h be (-2 + 4)*(-2 + 1). List the prime factors of (-55 - (h + 3))/(6/w).
2, 5, 7
Let u(b) = 747*b - 99. List the prime factors of u(12).
3, 5, 197
Let q(a) = -25*a - 111. Suppose -51 = -c + 4*c + o, 4*o = -12. List the prime factors of q(c).
17
Let g = -149 + 152. Suppose -5*j + g*y + 1482 = y, 1186 = 4*j - 2*y. What are the prime factors of j?
2, 37
Let k(o) = o**2 + 17*o + 5855. What are the prime factors of k(0)?
5, 1171
Let g(t) = 5*t**2 + 30*t + 58. Let d(l) = 9*l**2 + 61*l + 114. Let x(q) = 3*d(q) - 5*g(q). What are the prime factors of x(-25)?
3, 53
Suppose -172*h + 530*h - 614 = 460. Let x be ((-47)/2)/((-2)/48). Suppose 2*w = 4*m - 3*w - x, -h*m + 3*w = -426. List the prime factors of m.
2, 73
Let r = 4867 - 4. List the prime factors of r.
3, 1621
Let f be 547*(-4 + 0 + 2). Let l = f - -1930. Suppose 0*c = 11*c - l. List the prime factors of c.
2, 19
Let d(x) = -323 + 27*x - 8*x + 91*x - 3*x - 16*x. List the prime factors of d(16).
11, 103
List the prime factors of 17 + (-7 - 13) + (-1 - -3513).
11, 29
Let w be 1 + (12/3 - -2). Suppose w*y - 9*y = 160. List the prime factors of -1 + 0 - (0 + y).
79
List the prime factors of 24240 + (-1 - 1)*(0 + (-42)/12).
24247
Let o(k) = -307*k - 429. List the prime factors of o(-8).
2027
Let u(i) = 26*i + 29. Let g(n) = -n - 1. Let o(s) = -g(s) + u(s). Let j be o(4). Let t = j - 23. List the prime factors of t.
5, 23
Suppose 22*f - 127286 = 15*f + 61231. List the prime factors of f.
3, 47, 191
What are the prime factors of (21/7)/(30/(-11764))*(-5)/2?
17, 173
Suppose -p = -4*l - 1662, 142 = 4*l + 5*p + 1792. List the prime factors of (4 + -24)*l/10.
2, 5, 83
Let m be 1180/(-60) - (-1)/(-3). Let c(k) = 4*k + 82. Let d be c(m). Suppose d*z - 25 = 2*f + 93, 5*z + 3*f = 311. What are the prime factors of z?
61
Let k(c) = 4*c**2 - 15*c + 59. Let s(j) = -2*j**2 + 16*j - 8. Let d be s(7). What are the prime factors of k(d)?
113
Suppose 20 = 3*y + y. Let m be (0/2)/(y/5). Suppose m = -8*w + 12*w - 196. List the prime factors of w.
7
List the prime factors of (-1)/5*2501915/(-61).
13, 631
Let r(y) = y + 4. Let h be r(-1). Suppose 2*u = -h*u + 180. Suppose g - 29 = x + u, 3*x = -4*g + 232. List the prime factors of g.
61
Suppose 2*b = -m - 679, -m + 2*b - 707 = -3*b. Suppose -6*d = 103 + 41. List the prime factors of (m/(-12))/((-6)/d).
229
Let v(g) = -1209*g - 418. List the prime factors of v(-6).
2, 1709
Let l = 6122 + -3014. List the prime factors of l.
2, 3, 7, 37
Let o(t) = 446*t**2 - 73*t - 5. What are the prime factors of o(-4)?
13, 571
Suppose -145 = -h - 2*o - 0*o, h - o = 136. Suppose -5*g = h - 874. Let v = g + -94. List the prime factors of v.
53
Suppose i + 29471 - 6896 = m, 0 = 4*m + 2*i - 90336. List the prime factors of m.
3, 13, 193
Let q(i) = i**2 - 13*i + 21. Let v be q(14). Let x be ((-14)/v)/(1/(-5)). Suppose 4*w - x*h = 496, 3*w - h - 360 = 14. What are the prime factors of w?
2, 3, 7
Let n(u) = 12*u**3 - 12*u**2 - 13*u + 124. What are the prime factors of n(7)?
3, 1187
Let w(s) be the first derivative of 68*s**3 - 19*s**2/2 + 36*s - 101. List the prime factors of w(2).
2, 11, 37
Suppose 0 = 11*m + 2*m + 52. List the prime factors of 0/(8/((-16)/m)) - -399.
3, 7, 19
What are the prime factors of (-163569)/(-14) - 27/(-6)?
2, 3, 487
Let b(k) = k + 18. Let r be b(-16). Suppose 2*w - 32 = -r*f, 2*f - 4 = -2*f. What are the prime factors of w?
3, 5
Let i(h) = -h**3 - 3*h**2 - 4*h. Let x be i(-1). Suppose x*c = -3*t + 260, 0 = -2*c + 5*t - t + 246. What are the prime factors of c?
127
Let d = 36 + -39. List the prime factors of (297/36*2)/(d/(-28)).
2, 7, 11
Suppose -6*a = -14*a + 4512. Suppose 39*u = 27*u + a. List the prime factors of u.
47
Let k(f) = -9*f - 3. Let h be k(-18). Let c = h + -89. Suppose -c = -11*d + 370. What are the prime factors of d?
2, 5
What are the prime factors of ((-5525)/15)/((-16)/64 - (-11)/60)?
5, 13, 17
Suppose -20*l - 16*l = -14*l - 275154. List the prime factors of l.
3, 11, 379
Suppose 5*x - 3010 = -5*u, 40*u - 37*u + 622 = x. List the prime factors of x.
607
What are the prime factors of 2/((-2043690)/(-157206) - 13) + -12?
26189
Let h = -4525 - -2914. Let t = h - -2524. What are the prime factors of t?
11, 83
List the prime factors of 10/(((-5)/3305)/(-1)).
2, 5, 661
Suppose 4*i - 42*c + 22 = -39*c, -2*i + c = 12. List the prime factors of ((-1565)/10)/(i/14).
313
Let m = -390 - -1007. Let q = m - 407. List the prime factors of q.
2, 3, 5, 7
Let p(c) = -60*c + 60. Let d(z) = 31*z - 30. Let t(b) = 10*d(b) + 6*p(b). List the prime factors of t(-5).
2, 5, 31
Let f(c) = 11*c**2 - 36*c + 2663. What are the prime factors of f(50)?
113, 251
Let q(x) = 358*x**2 - 4*x + 5. Let a be q(2). Suppose 0 = -4*n, -3*g = -3*n - 230 - a. List the prime factors of g.
7, 79
Suppose 5*s - z - 21 = 0, 10*z - 12 = -4*s + 12*z. Suppose k - 79 = -22. Suppose -m - 4*v = -56 - k, -s*m = 2*v - 511. List the prime factors of m.
101
Let q(n) = -248*n + 2080. What are the prime factors of q(-21)?
2, 911
Let s(i) = -94*i**2 - i + 3. Let b = -27 - -35. Let n(o) = -283*o**2 - 3*o + 8. Let j(r) = b*s(r) - 3*n(r). What are the prime factors of j(1)?
2, 7
Let i(w) = -2*w + 17. Let p be i(10). Let r be (p/2)/((-3